be n(-7). Suppose 5*i - 103 - 87 = u. Suppose 0 = h - 5*q - i, -5 = -h + 3*q + 31. List the prime factors of h.
3, 11
Let l = -229 + 259. Suppose -4*c - 4 = -2*t, -c + 3*t - 2*t + 1 = 0. List the prime factors of l/(-4)*(c - -1).
3, 5
Suppose 5*y - 3*m = 906, 0 = -4*y + 4*m - m + 723. Let p = -31 + y. What are the prime factors of p?
2, 19
Let x = 1442 - 349. What are the prime factors of x?
1093
Suppose 5*r + s = 7*r - 1012, -2*s = -8. What are the prime factors of r?
2, 127
Suppose w = 2*j + 2*j + 14, w - j - 2 = 0. List the prime factors of (-4 + 2 - w) + 86.
2, 43
Let q = 904 + -637. List the prime factors of q.
3, 89
Suppose -24 = -3*r + 4*r. Let i = -15 - r. Suppose i*m - 215 = 4*m. List the prime factors of m.
43
Let w be ((-712)/12)/(6/(-9)). Let r = -179 + w. Let j = 127 + r. What are the prime factors of j?
37
Suppose -627 = -50*i + 47*i. What are the prime factors of i?
11, 19
Let n(i) = i**3 - i + 104. Let l be 4/(-48)*-4 - (-2)/(-6). List the prime factors of n(l).
2, 13
Suppose 3*t + 4 = 3*u - 5*u, -4*u - 5*t = 8. Let n be 24 - 4 - -3 - u. Suppose -5 + n = 5*v. List the prime factors of v.
2
Suppose -15 = -2*v - 3. Suppose 5*u + k - 420 = v*k, u + 4*k = 99. What are the prime factors of u?
3, 29
Suppose 131 = 28*u - 1885. What are the prime factors of u?
2, 3
Let c(n) = 3*n**2 + 6*n - 5*n + n + 0 - 12. What are the prime factors of c(-6)?
2, 3, 7
What are the prime factors of 1254 - (-6 - (-3 - 4))?
7, 179
Suppose -3*d + 219 = g - 146, -4*g - 3*d = -1478. Suppose -4*o = -3*y + g, 2*y + o - 220 = 20. List the prime factors of y.
11
Let p be (-5 + 12)*(0 + 0 + 1). Suppose -p*v = -15*v + 1632. What are the prime factors of v?
2, 3, 17
Suppose 0 = 4*o - 2*o + y - 12, -o - 2*y + 3 = 0. Let k(q) = 4*q**2 + 2*q. Let b be k(o). Suppose 0 = 5*z - b + 35. List the prime factors of z.
5, 7
Suppose -3*l + 3079 = 691. Let d be (-12)/18 + l/6. Suppose 12*w - d = 9*w. What are the prime factors of w?
2, 11
Suppose -4293 = 11*l - 14*l - 3*p, -5*p - 7125 = -5*l. What are the prime factors of l?
2, 3, 7, 17
Let m(t) = 37*t**2 + 38*t - 36. List the prime factors of m(-12).
2, 3, 13, 31
Let k be 0/(6*(-2)/(-4)). Suppose 0*s - s = k. Suppose -4*l = 3*g - 48, s*l - 29 = -l - 5*g. What are the prime factors of l?
3
Suppose -15 = 14*i - 17*i. Suppose 225 - 30 = i*p. What are the prime factors of p?
3, 13
Let u = 2 - 84. Let c = -7 - u. What are the prime factors of c?
3, 5
Suppose 4*d - 162 = -14. Let t = d - 9. Let l = 64 - t. List the prime factors of l.
2, 3
Suppose 0 = 5*v + m + 109 - 17, 4*m - 28 = 2*v. Let x = v - -42. List the prime factors of x.
2, 3
Let n be -10*(-18 - -1 - 2). Suppose 0*w = -5*y - w + n, 3*w = 4*y - 133. List the prime factors of y.
37
Let j(s) = 3*s + 5*s - 9*s**2 + 16*s**2 - 8 - 8*s**2. Let o be j(6). Suppose -3*f + 0*y + 101 = o*y, -5*f + 151 = -2*y. What are the prime factors of f?
31
Suppose -3*a + 1992 = 5*i, 293 = a - 5*i - 351. What are the prime factors of a?
659
List the prime factors of 5 + 2367 - (-4)/1 - 7.
23, 103
Let l(g) = 3*g**3 - 5*g**2 + g - 2. Let p(x) = -5*x**3 + 10*x**2 - x + 3. Let r(y) = 7*l(y) + 4*p(y). List the prime factors of r(-4).
2
Suppose -12*u + 2*u + 2300 = 0. Let k = -100 + u. What are the prime factors of k?
2, 5, 13
Let n = -83 + -3. Suppose -4*h = 4*y - 584, -5*y + 887 = -3*h + 149. Let p = n + y. List the prime factors of p.
61
Let i(y) = y**2 + 11*y + 21. Suppose 44 = -2*g - 2*g. Let n be i(g). Suppose -3*z + n = 3*p, -6*p + 4*p = -5*z - 49. List the prime factors of p.
2, 3
Let w be 252*((-12)/(-9))/(2 + 0). Suppose -33*x - w = -36*x. List the prime factors of x.
2, 7
Let f = -91 - -97. Suppose -f*p + 2895 = 9*p. List the prime factors of p.
193
Let c = -4134 - -5828. What are the prime factors of c?
2, 7, 11
Let l(q) = -63*q**2 - q - 2. Let h be l(-2). Let k be h/(-8)*(-36)/(-21). Let x = -20 + k. List the prime factors of x.
2, 17
Suppose -2*n + 5 = -5*n + 5*l, n + 2*l - 2 = 0. Suppose -4*b - b - 3*q + 667 = 0, b - 2*q - 123 = n. List the prime factors of b.
131
Suppose -2*g = -543 + 1. Suppose 12*k - 2 = 46. Suppose -d - 3*s + 70 = 0, -k*d - 5*s + g = -2*s. What are the prime factors of d?
67
Let k = 5893 - 2367. What are the prime factors of k?
2, 41, 43
Let n = -8 + 3. Let t be -3*(-1)/3 - n. Suppose 4*a + 24 = t*a. List the prime factors of a.
2, 3
Suppose -144 = -3*b - 45. Suppose z + 3*y - b - 60 = 0, 188 = 2*z + 4*y. What are the prime factors of z?
2, 3
Let m(x) = 8 - 4*x + 4 + 0. What are the prime factors of m(-7)?
2, 5
Let r = -30 - -18. Let k(t) = -4*t - 14. Let n be k(r). Let j = -17 + n. What are the prime factors of j?
17
Let r = 29 - 29. Suppose 0 = -2*x + s + 126, -x - 2*s + 34 + 24 = r. List the prime factors of x.
2, 31
Let g = 7652 - 4339. List the prime factors of g.
3313
Let x(q) = -66*q - 36. What are the prime factors of x(-13)?
2, 3, 137
Let z(w) = -w**3 + 12*w**2 - 5*w - 2. Suppose 0 = 5*q + h - 12 - 15, -2*q + 5*h = 0. List the prime factors of z(q).
2, 37
Let t(o) = -2*o**3 + 55*o**2 + 50*o + 31. What are the prime factors of t(28)?
647
Suppose -49 = -l - v, -5*v - 225 = -7*l + 2*l. Suppose 5*k = -108 - l. Let a = -9 - k. What are the prime factors of a?
2, 11
Let h = 101 - 98. Suppose 0 = -h*x + 3*r + 681, 168 + 738 = 4*x - 3*r. What are the prime factors of x?
3, 5
Let m(p) = -p**2 + 7*p + 10. Let h be m(14). Let o = -10 - h. Suppose 2*a + 5*v - 14 = 0, 5*a + v - o = 3. What are the prime factors of a?
17
Let t(x) = 10*x**2 - x + 3. Let g be t(2). Let z = g + 21. Suppose -15 = -f + 3*u + 24, -z = -3*f - 2*u. What are the prime factors of f?
2, 3
Suppose 0 = 4*v + 5*m + 25 - 118, v = m + 21. Suppose 8*o - 10*o - v = 0. Let c = 6 - o. List the prime factors of c.
17
Suppose 0 = p - 2*p + 8. Let o(k) = -k**3 + 8*k**2 + 5*k - 9. Let f be o(p). Let m = f + 4. List the prime factors of m.
5, 7
Let q = 105 - 81. Suppose -4*s - 3*m - 18 = 0, 2*s - 4*m = -3*s - 38. What are the prime factors of 224/q + 2/s?
3
Suppose 5*l + 280 = 6*x - x, 0 = 4*x - 20. Let g be (2/(-3))/((-1)/129). Let f = l + g. What are the prime factors of f?
5, 7
Suppose 5*f - 1 = -2*p + 6*f, 4*p + 5*f = 37. List the prime factors of p.
3
What are the prime factors of (-6)/27 + 4461/27?
3, 5, 11
Suppose 2*i - 1566 = -4*l, 0*l = -i - 4*l + 783. List the prime factors of i.
3, 29
Let t be (-59)/(-2) - 12/8. Let n = t + -15. Let w = n - -10. What are the prime factors of w?
23
Let w(v) = v**2 + 2*v - 6. Let l be w(-4). Suppose -111 = z - l*z - 5*s, 4*s = 3*z - 409. List the prime factors of z.
131
Suppose 0 = -3*y + 2*q - q + 5, 5*q = -2*y + 9. Suppose j + 60 = 4*j - 3*z, y*z = 0. Suppose 22*s - 118 = j*s. What are the prime factors of s?
59
Let c be -2*(-5)/(-10)*-4. Suppose 1671 = -5*j - c*r, -1869 = 5*j - 3*r - 191. What are the prime factors of j/(-9) - (-4)/(-18)?
37
Let o(y) = -y + 1. Let l(d) = -9*d. Let z(h) = -5*l(h) + 20*o(h). List the prime factors of z(5).
5, 29
Let b(i) = -i**3 - 4*i**2 - 5*i - 6. Let n(l) = -2*l - 1. Let q be n(-1). Let x be (-6 - -5)/(q/4). What are the prime factors of b(x)?
2, 7
Let f(l) be the first derivative of l**6/360 - l**5/60 + l**4/4 - 7*l**3/3 - 4. Let t(w) be the third derivative of f(w). What are the prime factors of t(6)?
2, 3, 5
Let u(q) be the third derivative of q**5/60 + 5*q**4/24 + q**3/2 + 10*q**2. What are the prime factors of u(-5)?
3
Let t be (-8 + 3 - -2 - -2)*-1359. Suppose -8*i + 233 = -t. List the prime factors of i.
199
Let y(t) = 2*t**2 + 2*t - 3. Suppose -3 - 5 = 2*a. Let w = a + 8. What are the prime factors of y(w)?
37
Suppose -17 = -4*a + 39. Let u = a + 2. Suppose g + 0*g = u. List the prime factors of g.
2
Suppose -y - 10 = -12. List the prime factors of (-3 + 5)*(-134)/(-4) + y.
3, 23
Let b = 109 + -107. Suppose 0*k - 5*k + 140 = 0. Let j = k + b. What are the prime factors of j?
2, 3, 5
Suppose -6*r + 4942 = -104. List the prime factors of r.
29
Let i(o) = o**3 + 10*o**2 + 15*o - 4. Let l be i(-8). Let p(v) = 4 + 2 - 16 - l*v. What are the prime factors of p(-7)?
2, 3
Suppose -f = 57 + 301. Let y = -241 - f. List the prime factors of y.
3, 13
Suppose 3*s - 4 - 8 = 0. Suppose 16 + 60 = s*f. What are the prime factors of f?
19
Let f(m) = 4*m**2 - 22*m - 223. List the prime factors of f(20).
937
Suppose 4*m - 8748 = -4*h, -4*m 